9) + 7. Suppose 4*h + i = -h + 260, -260 = -5*h + q*i. Calculate the greatest common factor of 26 and h.
26
Let h = 238 + -232. Let b(s) = -3*s + 5. Let k be b(-4). Let l = k - h. Calculate the highest common divisor of 99 and l.
11
Let z be (-1)/(-2) + 124/8. Let c be 3/12 - (-273)/28. Suppose k = -2*u - 3*u + 2, -2*u = -5*k + c. What is the highest common factor of k and z?
2
Suppose -65 = -5*d + 2*d + 5*r, 0 = 2*d + r - 26. What is the greatest common factor of d and 120?
15
Let p = 30 + -10. Suppose 2*v + 0*v = p. Suppose -v = -5*c - 0*c. Calculate the greatest common factor of c and 14.
2
Suppose -10 = 2*s - 2, -2*q - s + 766 = 0. Suppose -2*n = 5*a + 2*n - 1893, 0 = a + 4*n - q. Let i = -256 + a. What is the highest common factor of 11 and i?
11
Suppose 4*a + 863 + 625 = 0. Let l = a + 559. Calculate the greatest common factor of l and 17.
17
Let o(v) = -v**2 + 30. Let w be o(5). Calculate the highest common factor of w and 95.
5
Suppose -r = -3, 3*o - 4*r = -2*r + 9. Suppose -o*w = -0*w - 210. Calculate the highest common divisor of w and 63.
21
Suppose 178 = 19*b - 107. Let x(j) = j**2 - 3*j - 3. Let k be x(5). Let f = b + k. Calculate the greatest common factor of f and 110.
22
Suppose -3*y + 75 = 2*y. Let n(p) = 3*p**2 - 6*p + 5. Let a be n(2). Calculate the greatest common factor of y and a.
5
Suppose 0 = -z - z - z. Suppose 5*t - 25 = 0, z*p - t = -5*p + 595. What is the highest common factor of 48 and p?
24
Suppose -65 - 78 = -2*w - 3*x, 4*x - 276 = -4*w. Suppose -69*v - 16*v = -741 + 61. What is the highest common factor of v and w?
8
Suppose -9*j + 47 + 169 = 0. Let w = -4 + j. Let a be -3 + 2 - -1 - -8. What is the highest common factor of a and w?
4
Suppose 4*l + 19*l - 2691 = 0. What is the highest common factor of 18 and l?
9
Let p be 5/1 + (-7)/(-2)*38. Calculate the highest common factor of 46 and p.
46
Suppose 0 = -8*y + 4*y + 32. What is the highest common divisor of y and 36?
4
Suppose -4*p + 35 = j + 2*j, -p - 5*j + 30 = 0. Suppose -16*q + 19*q = -2*k + 189, -3*k + 255 = -p*q. Calculate the greatest common factor of 36 and k.
18
Suppose o + 4 + 1 = 0, -s + 17 = 2*o. Suppose -596 = -26*f + 158. Let k = s + f. What is the greatest common factor of 8 and k?
8
Let c = 677 + -671. Calculate the highest common factor of c and 606.
6
Suppose 0 = -4*v + 1 + 47. Let a = v + 42. Calculate the greatest common factor of 6 and a.
6
Let r(n) = n. Let j be r(-1). Let v be (4/(4/(-37)))/j - 2. Calculate the highest common divisor of v and 35.
35
Let r = -1998 + 2559. Calculate the highest common factor of 33 and r.
33
Let g(q) = q**3 + q**2 - 1. Let l(m) = -3*m**3 - 5*m**2 + m + 54. Let w(d) = 4*g(d) + l(d). Let j be w(0). What is the greatest common divisor of 40 and j?
10
Suppose -110 = -7*r - 334. Let j be (-6)/4*r/12. What is the highest common factor of 1 and j?
1
Let i = 32 - 16. Let h(w) = -w**2 - 9*w - 14. Let n be h(-6). Let u be (52*11)/n + 1. What is the greatest common factor of u and i?
16
Let u(b) = 2*b**2 + 3*b - 24. Let z be u(14). Suppose 4*p - a = 337, 4*p - 9*p = -5*a - z. Calculate the greatest common divisor of 17 and p.
17
Let g(l) = -54*l + 244. Let b be g(4). Suppose -188 = -4*a - 5*d, 4*a - 50 - 98 = 5*d. What is the highest common divisor of b and a?
14
Let b(x) = -x**2 - 8*x + 11. Let i be b(7). Let z = i - -213. What is the greatest common factor of 17 and z?
17
Let a = 12 - 10. Suppose n + 3*p = -0*p + 11, -a*p = 2*n - 18. What is the highest common divisor of 8 and n?
8
Let t = 2 - -1. Suppose 3*d = t*x - 72, 6*d - 3*d - 33 = -2*x. Let c be (5/4 + 4)*(-16)/(-6). Calculate the highest common factor of x and c.
7
Let z = 3 + -2. Let u be 4 + (-1 - z) + 0. Suppose -4*b - 2*w = -39 - 21, 3*b + w - 44 = 0. What is the highest common factor of b and u?
2
Let m be 9/(-5)*1750/(-105). What is the highest common factor of m and 900?
30
Let g = 2 + 6. Suppose -6*j + 139 = -389. Calculate the highest common factor of j and g.
8
Let v = -15 - -23. Let u be (-2 - (-1 - 3))*12 + 3. Suppose -23*a - 16 = -u*a. What is the highest common factor of v and a?
4
Let t = -125 - -131. Calculate the highest common divisor of 4 and t.
2
Let p(n) = 3*n + 7. Let i be p(4). Let f = i - 16. Let r(h) = -h**3 + 3*h**2 + h + 5. Let q be r(f). What is the highest common divisor of 72 and q?
8
Let f(k) = -k**3 + 10*k**2 - 9*k + 7. Let n be f(9). Let b(o) = 2*o - 12. Let x be b(n). Let q be 26/12 - 1/6. What is the greatest common divisor of x and q?
2
Let t be 1/(-5 - 2316/(-462)). Let n(q) = 5*q - 4. Let p be n(3). Calculate the greatest common divisor of p and t.
11
Let b(t) = t**2 + 15*t + 23. Let p be b(-15). Let s = 33 - p. Calculate the greatest common factor of s and 2.
2
Suppose 14*d + 8*d - 132 = 0. Calculate the highest common divisor of d and 642.
6
Suppose 0 = -4*g + 2*x - 2, 0 = -3*g - 3*x + 2 + 1. Suppose g = -3*f + 3*w + 153, 7 = -f + 4*w + 67. What is the highest common divisor of 12 and f?
12
Suppose 0 = -2*q - 10, 8*q - 1345 = -4*j + 9*q. What is the greatest common factor of 5 and j?
5
Let i(d) be the first derivative of -d**4/4 + 2*d**3 + 5*d**2/2 + 6*d - 3. Let y be i(5). Let m = y - 35. Calculate the greatest common factor of 105 and m.
21
Let k = 31 + 24. Suppose -k = 6*y - 1351. Calculate the greatest common divisor of 24 and y.
24
Let t = 33 - 27. Let k = -3 + t. Suppose 8*s - 125 = k*s. Calculate the highest common factor of s and 25.
25
Let m = 338 + -268. What is the highest common divisor of 42 and m?
14
Let m be 3/(-9) - (-52)/12. Suppose -m = -2*i - v + 5, 2*i + 3 = 3*v. What is the greatest common factor of i and 3?
3
Suppose -11 = -3*u - m + 39, m = 5*u - 94. Calculate the highest common factor of 288 and u.
18
Let c be (-1596)/(-14)*(4 - (-10)/(-3)). What is the greatest common factor of c and 12?
4
Let g(q) = q - 4. Let l be g(7). Suppose -4*p = -2*j + 4*j - 28, 5*p + l*j - 33 = 0. Calculate the highest common divisor of 99 and p.
9
Suppose 5*o - k = -3*k + 27, o + 2*k = -1. Let b = o - -6. Let d be 392/6 + (-3)/9. What is the highest common divisor of d and b?
13
Let s(f) = -3*f**2 - 3*f**2 + 5*f + 3*f**2 + 2*f**2 - 4. Let k be s(4). Suppose -2*q + 10 = k, 4*q - 3 = 2*p + 3. What is the highest common factor of 21 and p?
7
Let w be 10 - 7 - (2 + -3 + 4). Let o be (-8 - 2)/(1 + w - 3). What is the greatest common factor of o and 35?
5
Suppose -5*c = -109 - 1. Let r(l) = 17*l - 372. Let n be r(22). Calculate the greatest common divisor of c and n.
2
Suppose 50 = 5*n + 5*t, -2*n - 2*t = t - 20. Calculate the greatest common factor of 30 and n.
10
Let n(q) = 154*q - 5. Let w be n(-3). Let a = -251 - w. Calculate the greatest common divisor of a and 24.
24
Suppose 1 - 19 = -u. Let k(v) = 2*v**2 - 2*v + 5. Let q be k(-4). What is the highest common divisor of q and u?
9
Let n(g) = -g**2 - 10*g + 7. Let c be n(-9). Let j = -20 + c. Let h be (-81)/j - 5/20. Calculate the greatest common factor of 40 and h.
20
Suppose -2*b + 0*b + 6 = 0. Let a be (33/9 - b)/((-3)/(-45)). What is the greatest common factor of 25 and a?
5
Let w be ((-1)/2)/((-2)/(-32)). Let s be (-172)/w - (-3)/(-6). Calculate the greatest common factor of 21 and s.
21
Let j be (-27)/63 + (-115)/(-7). Let f be (-25)/2*(-28)/35. Suppose -2*c - f = s - 5*c, -2*s - 5*c = -24. Calculate the highest common divisor of s and j.
2
Suppose 4*u + 0*u - 5*r - 499 = 0, 3*r - 233 = -2*u. What is the highest common factor of u and 33?
11
Let i be -62*1/2*1. Let j = 35 + i. Let o be 4300/90 + j/18. What is the highest common factor of o and 6?
6
Let u be (3/(-9))/(3/(-27)). Suppose -u*q + 4 = -26. What is the greatest common divisor of 4 and q?
2
Let s = 10 + 4. Suppose -2*o - 222 = o. Let p = 116 + o. Calculate the highest common factor of s and p.
14
Let x = 15 + -10. Let q be 2 - (1 + 2 - (38 - x)). Calculate the highest common divisor of q and 24.
8
Let z = 2664 - 1831. What is the highest common divisor of 49 and z?
49
Let b = 1 - -12. Let l = -97 + 214. What is the highest common factor of b and l?
13
Suppose -a = -2*w - 29, 0 = -3*w - 3 - 12. Suppose -2*k = -4*s + 540, 5*s + 31*k - 36*k = 685. Calculate the greatest common factor of s and a.
19
Let d be (-2322)/(-117) + 8/52. Calculate the highest common factor of 50 and d.
10
Suppose -3*a + 50 - 32 